o(s) = -s**3 + 44*s**2 - 2*s + 83. Calculate o(44).
-5
Let c(m) = -5*m + 27. Give c(4).
7
Let x(s) = -4*s**2 - 3*s. Give x(-2).
-10
Let s(y) = -3*y + 1. Give s(-1).
4
Let a(n) = -n + 1. Calculate a(-6).
7
Let o(u) = -4*u**3 - 48*u**2 + u + 16. Determine o(-12).
4
Let j(g) = -7*g - 5. Determine j(-2).
9
Let i(b) = -b**2 - 6*b - 5. Give i(-7).
-12
Let s(f) = f**2 - 8*f + 5. What is s(4)?
-11
Let o(p) = -p**3 + p**2 + 5*p + 7. Calculate o(5).
-68
Let i(d) = 9*d + 82. Determine i(-10).
-8
Let g(h) = h**2 - 16. Calculate g(6).
20
Let w(a) = -a**3 + 6*a**2 - 8*a + 6. Calculate w(5).
-9
Let h(q) = -q**3 - q**2 + 4*q + 5. Determine h(-2).
1
Let j(d) = 3*d**2 + 18*d - 13. Calculate j(3).
68
Let y(o) = -43*o - 6. Give y(3).
-135
Let g(s) = -3*s**2 + 13*s - 8. Determine g(3).
4
Let n(i) = 7*i**2 - i + 1. Determine n(-2).
31
Let p(s) = s - 21. What is p(27)?
6
Let c(a) = -3*a**3 + 1. Calculate c(3).
-80
Let w(d) = d**2 - 8*d + 37. Determine w(5).
22
Let a(r) = -7*r - 13. Give a(8).
-69
Let w(q) = 2*q - 1. What is w(0)?
-1
Let t(z) = z**3 - 8*z**2 + 12*z + 3. Calculate t(6).
3
Let q(i) = 52*i - 212. What is q(4)?
-4
Let y(f) = -f**3 - 6*f**2 + 16*f + 3. What is y(2)?
3
Let p(x) = 15*x**2 - 52*x + 3. Determine p(3).
-18
Let k(o) = -3*o**3 - 2*o**2 - 4*o - 5. Give k(-2).
19
Let t(u) = -u**3 - 20*u**2 - 19*u + 5. What is t(-19)?
5
Let f(z) = -z**3 - 10*z**2 - 17*z + 9. Determine f(-8).
17
Let p(i) = i**3 - 24*i**2 + i - 3. Determine p(24).
21
Let b(a) = 2*a + 6. What is b(-6)?
-6
Let w(m) = m**2 - 9*m + 2. Give w(0).
2
Let o(g) = -g**3 + 9*g**2 - 9*g - 7. Calculate o(5).
48
Let y(q) = -q**3 - 11*q**2 - 10*q + 7. Calculate y(-10).
7
Let z(x) = x**3 + 11*x**2 + 9*x + 2. Calculate z(-10).
12
Let i(c) = 2*c - 26. Determine i(0).
-26
Let g(l) = 16*l - 507. Determine g(32).
5
Let c(u) = 2*u**3 - 12*u**2 + 4*u + 7. Calculate c(5).
-23
Let k(o) = -o**2 + 17*o - 30. What is k(13)?
22
Let f(h) = 6*h**3 + 3*h**2 + 16*h + 28. Give f(-2).
-40
Let g(d) = -4*d**2 + 80*d - 3. Determine g(20).
-3
Let r(s) = s + 2. Give r(6).
8
Let w(l) = -38*l - 72. What is w(-3)?
42
Let v(n) = 3*n**3 - 4*n**2 + 1. Determine v(3).
46
Let u(h) = -56*h**2 - h. What is u(1)?
-57
Let p(q) = -q**3 - q**2 - 2*q. What is p(0)?
0
Let y(d) = -4*d + 81. What is y(18)?
9
Let o(q) = q + 8. Calculate o(-16).
-8
Let s(f) = f**2 + 22*f + 25. What is s(-21)?
4
Let g(m) = -4*m - 7. Calculate g(5).
-27
Let h(g) = 5*g - 8. Calculate h(3).
7
Let x(n) = n**2 + 20*n + 9. Give x(-13).
-82
Let y(m) = m**2 + 7*m - 23. Determine y(6).
55
Let t(v) = v + 15. Give t(-2).
13
Let x(y) = -37*y + 9. Determine x(-2).
83
Let s(m) = -2*m**2 + 4*m + 4. Determine s(4).
-12
Let k(y) = y - 7. What is k(10)?
3
Let g(b) = -13*b + 14. Calculate g(3).
-25
Let j(v) = -9*v + 2. Give j(4).
-34
Let v(u) = u**3 - 5*u**2 + 11*u - 54. Calculate v(5).
1
Let i(j) = -j**2 - 8*j - 6. Give i(-5).
9
Let x(b) = 2*b - 9. What is x(7)?
5
Let t(h) = h**2 - 12*h + 17. Give t(11).
6
Let l(g) = -g**2 + 9*g. Calculate l(8).
8
Let o(j) = 4*j**2 - 2*j + 4. Determine o(-3).
46
Let u(d) = 2*d**2 - 30*d + 32. Determine u(14).
4
Let k(i) = i**2 - 3*i + 7. Give k(5).
17
Let c(v) = -26*v + 215. Calculate c(9).
-19
Let z(v) = -3*v**2 + 50*v + 29. Calculate z(17).
12
Let y(i) = 8*i + 63. Give y(-8).
-1
Let x(z) = -z - 2. What is x(-22)?
20
Let t(b) = b**2 - 4. What is t(3)?
5
Let a(c) = -c + 3. Determine a(-6).
9
Let y(k) = k - 1. What is y(7)?
6
Let p(z) = -z**3 - 9*z**2 + 4*z + 7. Give p(-9).
-29
Let v(u) = -u**2 - 75*u + 5. What is v(0)?
5
Let h(b) = 49*b**2 - 2*b - 1. Calculate h(-1).
50
Let i(p) = p**2 - 6*p + 1. Determine i(3).
-8
Let m(v) = -v + 3. Calculate m(6).
-3
Let x(q) = -3*q + 45. Determine x(12).
9
Let r(i) = i - 5. What is r(27)?
22
Let q(d) = 4*d**2 + 60*d - 74. Calculate q(-16).
-10
Let s(p) = p**3 + 13*p**2 + 17*p + 6. Calculate s(-7).
181
Let j(i) = i**2 - 20*i + 49. Calculate j(16).
-15
Let v(d) = -d**3 - 40*d**2 + 42*d + 48. What is v(-41)?
7
Let g(h) = h**2 - 5*h + 4. Give g(3).
-2
Let k(o) = 5*o**2 - 23*o + 56. Give k(3).
32
Let r(h) = -h**2 + 7*h + 36. Determine r(10).
6
Let c(u) = 2*u**2 - 4*u - 2. Determine c(-5).
68
Let p(t) = 34*t + 35. What is p(-5)?
-135
Let q(p) = 108*p - 854. Calculate q(8).
10
Let o(j) = 4*j - 9. Calculate o(-7).
-37
Let s(i) = -2*i + 26. Determine s(11).
4
Let d(m) = m**2 - 11*m - 39. Give d(14).
3
Let i(j) = j**3 - 16*j**2 + 3*j - 47. Determine i(16).
1
Let p(w) = -2*w**2 + 5*w - 2. Determine p(3).
-5
Let d(j) = -30*j - 207. Determine d(-7).
3
Let x(n) = -3*n**3 + n**2 + 5*n + 5. Calculate x(-1).
4
Let v(x) = 5*x - 6. What is v(1)?
-1
Let t(r) = r**3 + 27. Determine t(0).
27
Let a(v) = -3*v + 30. Give a(6).
12
Let g(x) = -x**3 + 9*x**2 - 14*x + 17. What is g(8)?
-31
Let c(k) = 9*k**3 + 4*k - 3. Determine c(1).
10
Let v(l) = l**3 + 3*l**2 + 5. Determine v(-4).
-11
Let y(a) = a**3 - 36*a**2 + 69*a - 29. Determine y(34).
5
Let k(v) = -12*v + 1. Give k(4).
-47
Let o(u) = 2*u + 11. Calculate o(15).
41
Let j(l) = -33*l**2 + 6*l + 4. What is j(-1)?
-35
Let t(q) = 3*q**2 - 6*q - 7. Calculate t(3).
2
Let g(z) = 2*z - 32. Give g(13).
-6
Let l(n) = -n**2 + 15*n + 19. Give l(16).
3
Let u(y) = -y**2 - 2*y - 4. Calculate u(-3).
-7
Let c(d) = -4*d**2 - 20*d - 3. Calculate c(-5).
-3
Let z(c) = 7*c + 114. What is z(-17)?
-5
Let i(p) = p**3 - p**2 + p - 19. Give i(0).
-19
Let g(u) = -7*u + 2. Give g(6).
-40
Let h(i) = i**2 - 4*i - 7. Determine h(5).
-2
Let d(k) = -k - 12. Determine d(3).
-15
Let u(z) = -5*z**3 - 225*z**2 + 2*z + 91. Determine u(-45).
1
Let y(c) = 2*c**3 - 12*c**2 - 8*c + 35. Calculate y(6).
-13
Let w(n) = -2*n**2 - 8*n + 5. Determine w(4).
-59
Let h(f) = f**2 + 20*f - 126. Give h(-25).
-1
Let z(r) = r**3 - 10*r**2 + r + 8. Determine z(10).
18
Let f(y) = -3*y**2 - 7*y - 8. Give f(-3).
-14
Let z(o) = -o**2 + 3*o - 7. Calculate z(0).
-7
Let h(i) = i**2 - 3*i - 7. Give h(3).
-7
Let r(u) = -u**3 + 4*u**2 + 9*u - 6. Calculate r(6).
-24
Let q(a) = a**3 + 3*a**2 + 7*a + 8. What is q(-3)?
-13
Let h(t) = -2*t + 15. Determine h(6).
3
Let c(t) = 4*t**2 - 9*t - 3. What is c(3)?
6
Let r(j) = -j**3 + 8*j**2 - 9*j - 3. Calculate r(5).
27
Let r(h) = -6*h - 2. Calculate r(-2).
10
Let m(n) = n**2 - 5*n - 23. Give m(7).
-9
Let j(f) = -3*f - 10. Calculate j(-11).
23
Let k(d) = d**3 - 22*d**2 + 23*d - 14. Calculate k(21).
28
Let c(m) = -22*m + 17. Determine c(2).
-27
Let d(b) = -2*b**2 - 3*b + 5. Determine d(5).
-60
Let w(i) = i**3 + 5*i**2 - 4*i + 4. What is w(-6)?
-8
Let h(b) = -2*b**2 - 38*b - 149. Give h(-6).
7
Let h(t) = -9*t. Give h(7).
-63
Let p(l) = 11*l**2 + 1. Determine p(-1).
12
Let t(s) = s**3 + 9*s**2 - 2*s - 17. Determine t(-9).
1
Let o(p) = -6*p**2. What is o(-1)?
-6
Let g(j) = -j**2 + 5*j + 8. Determine g(7).
-6
Let r(m) = -37*m + 1. Give r(-1).
38
Let p(m) = -3*m + 108. What is p(30)?
18
Let o(d) = -13*d + 30. Calculate o(9).
-87
Let q(o) = -o**3 - 6*o**2 + 5*o - 9. What is q(-7)?
5
Let v(m) = -4*m**2 - 3*m + 3. What is v(-4)?
-49
Let t(k) = -k**3 - 54*k**2 - 44*k + 475. Determine t(-53).
-2
Let z(d) = 13*d - 331. Give z(26).
7
Let q(s) = s**2 + 4*s + 4. What is q(-7)?
25
Let i(r) = -r**2 + 6*r + 6. Calculate i(6).
6
Let t(c) = c**3 + 4*c**2 - 10*c + 4. Determine t(-6).
-8
Let v(u) = -u**2 - 6*u + 1. What is v(-7)?
-6
Let j(v) = -7*v - 7. Determine j(-3).
14
Let b(z) = 7*z - 44. Give b(7).
5
Let k(w) = -2*w - 16. Calculate k(5).
-26
Let o(m) = -m**3 - 17*m**2 - 36*m - 17. Calculate o(-15).
73
Let t(l) = -3*l - 3. What is t(-2)?
3
Let j(o) = -8*o**2 - 6*o - 3. Calculate j(-2).
-23
Let f(g) = 10*g + 2. Determine f(1).
12
Let j(h) = 9*h - 252. Give j(28).
0
Let t(v) = 152*v + 309. Give t(-2).
5
Let q(b) = -17*b + 50. Determine q(4).
-18
Let r(z) = z**3 - 4*z**2 + 5*z - 95. Determine r(6).
7
Let j(s) = s**2 + 4*s - 10. Determine j(-8).
22
Let a(q) = -q**3 + 9*q**2 - 6*q - 14. What is a(8)?
2
Let c(h) = h**2 + 8*h + 27. Give c(-5).
12
Let p(j) = -j**2 - 9*j - 6. Give p(-9).
-6
Let s(b) = -b**2 + 47*b - 273. Determine s(7).
7
Let u(o) = -o**3 - 15*o**2 - 39*o - 20. Determine u(-12).
16
Let b(k) = k**3 + k**2 - 14*k + 22. Calculate b(2).
6
Let k(z) = -2*z + 50. Determine k(24).
2
Let r(x) = x**3 - 2*x**2 - 2*x - 4. Give r(3).
-1
Let d(y) = -y**2 + 4*y + 23. Give d(7).
2
Let w(v) = 2*v - 10. Determine w(14).
18
Let j(o) =